{"id":14561,"date":"2023-09-25T16:00:25","date_gmt":"2023-09-25T13:00:25","guid":{"rendered":"https:\/\/cimislia.md\/?page_id=14561"},"modified":"2025-11-20T15:43:28","modified_gmt":"2025-11-20T13:43:28","slug":"simbolurile-orasului","status":"publish","type":"page","link":"https:\/\/cimislia.md\/ru\/orasul-si-oamenii\/orasul-cimislia\/simbolurile-orasului\/","title":{"rendered":"\u0421\u0438\u043c\u0432\u043e\u043b\u044b \u0433\u043e\u0440\u043e\u0434\u0430"},"content":{"rendered":"<div data-elementor-type=\"wp-page\" data-elementor-id=\"14561\" class=\"elementor elementor-14561\">\n\t\t\t\t\t\t\t\t\t<section class=\"elementor-section elementor-top-section elementor-element elementor-element-5c3e988 elementor-section-boxed elementor-section-height-default elementor-section-height-default\" data-id=\"5c3e988\" data-element_type=\"section\">\n\t\t\t\t\t\t<div class=\"elementor-container elementor-column-gap-default\">\n\t\t\t\t\t<div class=\"elementor-column elementor-col-100 elementor-top-column elementor-element elementor-element-28d3a52\" data-id=\"28d3a52\" data-element_type=\"column\">\n\t\t\t<div class=\"elementor-widget-wrap elementor-element-populated\">\n\t\t\t\t\t\t\t\t<div class=\"elementor-element elementor-element-65aea8e elementor-widget elementor-widget-text-editor\" data-id=\"65aea8e\" data-element_type=\"widget\" data-widget_type=\"text-editor.default\">\n\t\t\t\t<div class=\"elementor-widget-container\">\n\t\t\t\t\t\t\t<p>Stema \u015fi drapelul ora\u015fului Cimi\u015flia, aprobate prin Deciziile Consiliului Or\u0103\u015fenesc Cimi\u015flia nr. 5\/2 din 16 iunie 2009 \u015fi nr. 4\/10 din 30 iunie 2010\u00a0<span style=\"background-color: rgba(255, 255, 255, 0); color: var(--the7-base-color); letter-spacing: var(--the7-base-letter-spacing); text-transform: var(--the7-base-text-transform); word-spacing: normal;\">\u0219i Decizia Comisiei Na\u021bionale de Heraldic\u0103 Nr. 324-IV.01 din 25.03.2015, conform anexelor nr. 43 \u015fi nr. 44 \u0219i publicat \u00een Monitorul Oficial Nr. 161-165 din 26.06.2015.<\/span><\/p><p><b>Stema ora\u015fului Cimi\u015flia:<\/b>\u00a0pe albastru, o balan\u0163\u0103 roman\u0103 de argint, ie\u015find din flancul senestru al scutului, pe al c\u0103rei talger este pus un spic de aur, \u015fi \u00eenso\u0163it\u0103 \u00een cantonul scutului de dangaua Ciumeci, de asemenea de aur. Scutul timbrat de o coroan\u0103 mural\u0103 de aur cu trei turnuri.<\/p>\t\t\t\t\t\t<\/div>\n\t\t\t\t<\/div>\n\t\t\t\t<div class=\"elementor-element elementor-element-ceaa726 elementor-widget elementor-widget-image\" data-id=\"ceaa726\" data-element_type=\"widget\" data-widget_type=\"image.default\">\n\t\t\t\t<div class=\"elementor-widget-container\">\n\t\t\t\t\t\t\t\t\t\t\t\t\t\t\t<img decoding=\"async\" width=\"315\" height=\"448\" src=\"https:\/\/cimislia.md\/wp-content\/uploads\/2023\/09\/Stema-or.Cimislia.png\" class=\"attachment-large size-large wp-image-14564\" alt=\"\" srcset=\"https:\/\/cimislia.md\/wp-content\/uploads\/2023\/09\/Stema-or.Cimislia.png 315w, https:\/\/cimislia.md\/wp-content\/uploads\/2023\/09\/Stema-or.Cimislia-211x300.png 211w, https:\/\/cimislia.md\/wp-content\/uploads\/2023\/09\/Stema-or.Cimislia-8x12.png 8w\" sizes=\"(max-width: 315px) 100vw, 315px\" \/>\t\t\t\t\t\t\t\t\t\t\t\t\t\t\t<\/div>\n\t\t\t\t<\/div>\n\t\t\t\t<div class=\"elementor-element elementor-element-6e1caba elementor-widget elementor-widget-text-editor\" data-id=\"6e1caba\" data-element_type=\"widget\" data-widget_type=\"text-editor.default\">\n\t\t\t\t<div class=\"elementor-widget-container\">\n\t\t\t\t\t\t\t<p><strong>Drapelul ora\u015fului Cimi\u015flia:<\/strong> reprezint\u0103 o p\u00eenz\u0103 dreptunghiular\u0103 (2:3) albastr\u0103, purt\u00eend un br\u00eeu galben (1\/5 h) pe mijloc.<\/p>\t\t\t\t\t\t<\/div>\n\t\t\t\t<\/div>\n\t\t\t\t<div class=\"elementor-element elementor-element-b9cacb2 elementor-widget elementor-widget-image\" data-id=\"b9cacb2\" data-element_type=\"widget\" data-widget_type=\"image.default\">\n\t\t\t\t<div class=\"elementor-widget-container\">\n\t\t\t\t\t\t\t\t\t\t\t\t\t\t\t<img decoding=\"async\" width=\"448\" height=\"317\" src=\"https:\/\/cimislia.md\/wp-content\/uploads\/2023\/09\/Drapel-or.Cimislia.jpg\" class=\"attachment-large size-large wp-image-14565\" alt=\"\" srcset=\"https:\/\/cimislia.md\/wp-content\/uploads\/2023\/09\/Drapel-or.Cimislia.jpg 448w, https:\/\/cimislia.md\/wp-content\/uploads\/2023\/09\/Drapel-or.Cimislia-300x212.jpg 300w, https:\/\/cimislia.md\/wp-content\/uploads\/2023\/09\/Drapel-or.Cimislia-18x12.jpg 18w\" sizes=\"(max-width: 448px) 100vw, 448px\" \/>\t\t\t\t\t\t\t\t\t\t\t\t\t\t\t<\/div>\n\t\t\t\t<\/div>\n\t\t\t\t\t<\/div>\n\t\t<\/div>\n\t\t\t\t\t\t\t<\/div>\n\t\t<\/section>\n\t\t\t\t<section class=\"elementor-section elementor-top-section elementor-element elementor-element-21ebc71 elementor-section-boxed elementor-section-height-default elementor-section-height-default\" data-id=\"21ebc71\" data-element_type=\"section\">\n\t\t\t\t\t\t<div class=\"elementor-container elementor-column-gap-default\">\n\t\t\t\t\t<div class=\"elementor-column elementor-col-100 elementor-top-column elementor-element elementor-element-6e5b554\" data-id=\"6e5b554\" data-element_type=\"column\">\n\t\t\t<div class=\"elementor-widget-wrap elementor-element-populated\">\n\t\t\t\t\t\t\t\t<div class=\"elementor-element elementor-element-532fe8d elementor-widget__width-initial elementor-widget elementor-widget-text-editor\" data-id=\"532fe8d\" data-element_type=\"widget\" data-widget_type=\"text-editor.default\">\n\t\t\t\t<div class=\"elementor-widget-container\">\n\t\t\t\t\t\t\t<p><strong>Imnul Oficial al Ora\u0219ului Cimi\u0219lia<\/strong> reprezint\u0103 un veritabil simbol muzical al identit\u0103\u021bii, unit\u0103\u021bii \u0219i m\u00e2ndriei comunit\u0103\u021bii noastre. Aprobat prin <strong>Decizia Consiliului Or\u0103\u0219enesc Cimi\u0219lia nr. 05\/07 din 10.09.2025<\/strong>, imnul este expresia spiritului civic, a tradi\u021biilor \u0219i a leg\u0103turilor profunde care unesc locuitorii Cimi\u0219liei.<\/p><p>Acest simbol sonor va r\u0103suna cu solemnitate \u00een cadrul tuturor ceremoniilor oficiale \u0219i evenimentelor publice \u2013 de la deschiderea \u0219edin\u021belor Consiliului Or\u0103\u0219enesc, p\u00e2n\u0103 la celebrarea Hramului localit\u0103\u021bii, Zilei Ora\u0219ului, competi\u021biilor sportive \u0219i manifest\u0103rilor culturale.<br \/>Prin melodia \u0219i versurile sale, imnul va \u00eenso\u021bi momentele care definesc via\u021ba comunit\u0103\u021bii, devenind totodat\u0103 un ambasador muzical al Cimi\u0219liei \u00een rela\u021biile cu ora\u0219ele \u00eenfr\u0103\u021bite \u0219i \u00een cadrul schimburilor culturale interna\u021bionale.<\/p><p><strong>Varianta audio poate fi desc\u0103rcat\u0103 aici<\/strong>:\u00a0<a href=\"https:\/\/cimislia.md\/wp-content\/uploads\/2025\/11\/1.Integral_Imn_Cimislia_oficial_inegral.mp3\">https:\/\/cimislia.md\/wp-content\/uploads\/2025\/11\/1.Integral_Imn_Cimislia_oficial_inegral.mp3<\/a><\/p><p>Realizarea Imnului Oficial al Ora\u0219ului Cimi\u0219lia a fost posibil\u0103 datorit\u0103 talentului \u0219i implic\u0103rii unor oameni dedica\u021bi artei \u0219i spiritului comunitar:<\/p><ul><li><strong>Compozitor \u0219i dirijor coral:<\/strong> <em>Manaf Lilia<\/em><\/li><li><strong>Text (versuri):<\/strong> <em>Coroian Gavril<\/em><\/li><li><strong>Coordonator, crea\u021bie \u0219i \u00eenregistr\u0103ri:<\/strong> <em>Corl\u0103teanu Radu<\/em><\/li><\/ul>\t\t\t\t\t\t<\/div>\n\t\t\t\t<\/div>\n\t\t\t\t\t<\/div>\n\t\t<\/div>\n\t\t\t\t\t\t\t<\/div>\n\t\t<\/section>\n\t\t\t\t\t\t\t<\/div>","protected":false},"excerpt":{"rendered":"<p>Stema \u015fi drapelul ora\u015fului Cimi\u015flia, aprobate prin Deciziile Consiliului Or\u0103\u015fenesc Cimi\u015flia nr. 5\/2 din 16 iunie 2009 \u015fi nr. 4\/10 din 30 iunie 2010\u00a0\u0219i Decizia Comisiei Na\u021bionale de Heraldic\u0103 Nr. 324-IV.01 din 25.03.2015, conform anexelor nr. 43 \u015fi nr. 44 \u0219i publicat \u00een Monitorul Oficial Nr. 161-165 din 26.06.2015. Stema ora\u015fului Cimi\u015flia:\u00a0pe albastru, o balan\u0163\u0103&hellip;<\/p>","protected":false},"author":1,"featured_media":0,"parent":14543,"menu_order":0,"comment_status":"closed","ping_status":"closed","template":"","meta":{"inline_featured_image":false,"footnotes":""},"_links":{"self":[{"href":"https:\/\/cimislia.md\/ru\/wp-json\/wp\/v2\/pages\/14561"}],"collection":[{"href":"https:\/\/cimislia.md\/ru\/wp-json\/wp\/v2\/pages"}],"about":[{"href":"https:\/\/cimislia.md\/ru\/wp-json\/wp\/v2\/types\/page"}],"author":[{"embeddable":true,"href":"https:\/\/cimislia.md\/ru\/wp-json\/wp\/v2\/users\/1"}],"replies":[{"embeddable":true,"href":"https:\/\/cimislia.md\/ru\/wp-json\/wp\/v2\/comments?post=14561"}],"version-history":[{"count":24,"href":"https:\/\/cimislia.md\/ru\/wp-json\/wp\/v2\/pages\/14561\/revisions"}],"predecessor-version":[{"id":21644,"href":"https:\/\/cimislia.md\/ru\/wp-json\/wp\/v2\/pages\/14561\/revisions\/21644"}],"up":[{"embeddable":true,"href":"https:\/\/cimislia.md\/ru\/wp-json\/wp\/v2\/pages\/14543"}],"wp:attachment":[{"href":"https:\/\/cimislia.md\/ru\/wp-json\/wp\/v2\/media?parent=14561"}],"curies":[{"name":"wp","href":"https:\/\/api.w.org\/{rel}","templated":true}]}}

Символы города

<div data-elementor-type="wp-page" data-elementor-id="14561" class="elementor elementor-14561">
									<section class="elementor-section elementor-top-section elementor-element elementor-element-5c3e988 elementor-section-boxed elementor-section-height-default elementor-section-height-default" data-id="5c3e988" data-element_type="section">
						<div class="elementor-container elementor-column-gap-default">
					<div class="elementor-column elementor-col-100 elementor-top-column elementor-element elementor-element-28d3a52" data-id="28d3a52" data-element_type="column">
			<div class="elementor-widget-wrap elementor-element-populated">
								<div class="elementor-element elementor-element-65aea8e elementor-widget elementor-widget-text-editor" data-id="65aea8e" data-element_type="widget" data-widget_type="text-editor.default">
				<div class="elementor-widget-container">
							<p>Stema şi drapelul oraşului Cimişlia, aprobate prin Deciziile Consiliului Orăşenesc Cimişlia nr. 5/2 din 16 iunie 2009 şi nr. 4/10 din 30 iunie 2010 <span style="background-color: rgba(255, 255, 255, 0); color: var(--the7-base-color); letter-spacing: var(--the7-base-letter-spacing); text-transform: var(--the7-base-text-transform); word-spacing: normal;">și Decizia Comisiei Naționale de Heraldică Nr. 324-IV.01 din 25.03.2015, conform anexelor nr. 43 şi nr. 44 și publicat în Monitorul Oficial Nr. 161-165 din 26.06.2015.</span></p><p><b>Stema oraşului Cimişlia:</b> pe albastru, o balanţă romană de argint, ieşind din flancul senestru al scutului, pe al cărei talger este pus un spic de aur, şi însoţită în cantonul scutului de dangaua Ciumeci, de asemenea de aur. Scutul timbrat de o coroană murală de aur cu trei turnuri.</p>						</div>
				</div>
				<div class="elementor-element elementor-element-ceaa726 elementor-widget elementor-widget-image" data-id="ceaa726" data-element_type="widget" data-widget_type="image.default">
				<div class="elementor-widget-container">
															<img decoding="async" width="315" height="448" src="https://cimislia.md/wp-content/uploads/2023/09/Stema-or.Cimislia.png" class="attachment-large size-large wp-image-14564" alt="" srcset="https://cimislia.md/wp-content/uploads/2023/09/Stema-or.Cimislia.png 315w, https://cimislia.md/wp-content/uploads/2023/09/Stema-or.Cimislia-211x300.png 211w, https://cimislia.md/wp-content/uploads/2023/09/Stema-or.Cimislia-8x12.png 8w" sizes="(max-width: 315px) 100vw, 315px" />															</div>
				</div>
				<div class="elementor-element elementor-element-6e1caba elementor-widget elementor-widget-text-editor" data-id="6e1caba" data-element_type="widget" data-widget_type="text-editor.default">
				<div class="elementor-widget-container">
							<p><strong>Drapelul oraşului Cimişlia:</strong> reprezintă o pînză dreptunghiulară (2:3) albastră, purtînd un brîu galben (1/5 h) pe mijloc.</p>						</div>
				</div>
				<div class="elementor-element elementor-element-b9cacb2 elementor-widget elementor-widget-image" data-id="b9cacb2" data-element_type="widget" data-widget_type="image.default">
				<div class="elementor-widget-container">
															<img decoding="async" width="448" height="317" src="https://cimislia.md/wp-content/uploads/2023/09/Drapel-or.Cimislia.jpg" class="attachment-large size-large wp-image-14565" alt="" srcset="https://cimislia.md/wp-content/uploads/2023/09/Drapel-or.Cimislia.jpg 448w, https://cimislia.md/wp-content/uploads/2023/09/Drapel-or.Cimislia-300x212.jpg 300w, https://cimislia.md/wp-content/uploads/2023/09/Drapel-or.Cimislia-18x12.jpg 18w" sizes="(max-width: 448px) 100vw, 448px" />															</div>
				</div>
					</div>
		</div>
							</div>
		</section>
				<section class="elementor-section elementor-top-section elementor-element elementor-element-21ebc71 elementor-section-boxed elementor-section-height-default elementor-section-height-default" data-id="21ebc71" data-element_type="section">
						<div class="elementor-container elementor-column-gap-default">
					<div class="elementor-column elementor-col-100 elementor-top-column elementor-element elementor-element-6e5b554" data-id="6e5b554" data-element_type="column">
			<div class="elementor-widget-wrap elementor-element-populated">
								<div class="elementor-element elementor-element-532fe8d elementor-widget__width-initial elementor-widget elementor-widget-text-editor" data-id="532fe8d" data-element_type="widget" data-widget_type="text-editor.default">
				<div class="elementor-widget-container">
							<p><strong>Imnul Oficial al Orașului Cimișlia</strong> reprezintă un veritabil simbol muzical al identității, unității și mândriei comunității noastre. Aprobat prin <strong>Decizia Consiliului Orășenesc Cimișlia nr. 05/07 din 10.09.2025</strong>, imnul este expresia spiritului civic, a tradițiilor și a legăturilor profunde care unesc locuitorii Cimișliei.</p><p>Acest simbol sonor va răsuna cu solemnitate în cadrul tuturor ceremoniilor oficiale și evenimentelor publice – de la deschiderea ședințelor Consiliului Orășenesc, până la celebrarea Hramului localității, Zilei Orașului, competițiilor sportive și manifestărilor culturale.<br />Prin melodia și versurile sale, imnul va însoți momentele care definesc viața comunității, devenind totodată un ambasador muzical al Cimișliei în relațiile cu orașele înfrățite și în cadrul schimburilor culturale internaționale.</p><p><strong>Varianta audio poate fi descărcată aici</strong>: <a href="https://cimislia.md/wp-content/uploads/2025/11/1.Integral_Imn_Cimislia_oficial_inegral.mp3">https://cimislia.md/wp-content/uploads/2025/11/1.Integral_Imn_Cimislia_oficial_inegral.mp3</a></p><p>Realizarea Imnului Oficial al Orașului Cimișlia a fost posibilă datorită talentului și implicării unor oameni dedicați artei și spiritului comunitar:</p><ul><li><strong>Compozitor și dirijor coral:</strong> <em>Manaf Lilia</em></li><li><strong>Text (versuri):</strong> <em>Coroian Gavril</em></li><li><strong>Coordonator, creație și înregistrări:</strong> <em>Corlăteanu Radu</em></li></ul>						</div>
				</div>
					</div>
		</div>
							</div>
		</section>
							</div>

<p>Stema şi drapelul oraşului Cimişlia, aprobate prin Deciziile Consiliului Orăşenesc Cimişlia nr. 5/2 din 16 iunie 2009 şi nr. 4/10 din 30 iunie 2010 și Decizia Comisiei Naționale de Heraldică Nr. 324-IV.01 din 25.03.2015, conform anexelor nr. 43 şi nr. 44 și publicat în Monitorul Oficial Nr. 161-165 din 26.06.2015. Stema oraşului Cimişlia: pe albastru, o balanţă&hellip;</p>
